?
6
Let n(c) = 43*c + 3. Suppose 14*j - 48 = 2*j. What is the tens digit of n(j)?
7
Suppose -11 - 1 = -3*n. Suppose 2*b + i = 4*i + 258, n*b + i - 488 = 0. What is the units digit of b?
3
Let o be 0/(-2 - 12/(-3)). Suppose 4*z - 24 = -o*z. Suppose 5*p + 29 = s, -5*p - z = s - 45. What is the tens digit of s?
3
Let q(i) = -i - 1. Let d be q(-6). Let y(z) = -15 - z**2 + 2*z - 12*z - d*z + 2*z. What is the units digit of y(-10)?
5
Let j be (-1)/4 + 2825/100. What is the tens digit of j - 0*5/(-15)?
2
Suppose 3290 + 7090 = 6*w. What is the hundreds digit of w?
7
Let p = 139 + -133. Suppose -9*j = p*j - 3585. What is the hundreds digit of j?
2
Let j(m) = m**2 - 19*m + 31. What is the units digit of j(-19)?
3
Let f be 2*-1*235/(-10). Suppose -f + 18 = -x. Let z = x + -10. What is the tens digit of z?
1
Suppose 2*o - 5 = 2*h + 9, h - 29 = -5*o. Suppose g - 2*k = 155, -5*k - 9 = o. Suppose -3*f + 2*f - 3*d + 34 = 0, 4*f - g = d. What is the units digit of f?
7
Suppose 97 = -3*n + 1048. What is the units digit of n?
7
Let r(u) = -u**2 - 21*u - 12. Let n = 23 - 39. What is the tens digit of r(n)?
6
Let c = 620 - -2207. What is the tens digit of c?
2
Let w(f) = -740*f**3 - f**2 - 4*f - 2. What is the units digit of w(-1)?
1
Let m(q) = q**3 + 10*q**2 - 5*q - 17. Let h be m(-7). Let z = -112 + h. What is the tens digit of z?
5
Let v = -5 + 45. Suppose 4*f - 2*y + 3*y = -20, -5*f = 5*y + v. What is the units digit of (-6)/f*88/6?
2
Suppose 0 = -3*f - m - 4*m - 10, 6 = -3*m. Suppose f = -7*n + 11*n - 164. What is the tens digit of n?
4
Suppose -5*f + 2786 = 2*f. What is the hundreds digit of f?
3
Let o = 3406 + -2411. What is the tens digit of o?
9
Let j(z) = -z**3 - 5*z**2 + 6*z + 11. Suppose -4*y - g = 3*g + 28, 0 = -3*g - 3. Let s be j(y). Suppose 4*a = 1 + s. What is the units digit of a?
3
Suppose -128 - 562 = 5*q. Let t = 435 + q. What is the tens digit of t?
9
Suppose y + 3*y - 5*l - 131 = 0, -2*y + 46 = 4*l. Let a = y + -25. Suppose 0 = -a*s + 20, -3*t + 28 = -s - 39. What is the tens digit of t?
2
Let b be ((-6)/(-3))/2*(-6 + -2). What is the units digit of 2/b + (-1230)/(-24)?
1
Let y = -63 + 66. Suppose h - 78 = 2*f, 73 = -3*h + 4*h - y*f. What is the units digit of h?
8
Let c(v) = -v**3 - 6*v**2 + 8 + 0*v**3 - 2*v + 4*v. Let q be (5/10)/((-6)/84). What is the units digit of c(q)?
3
Let q be (-40)/32*(4*2)/2. What is the tens digit of ((-395)/3)/q + (-4)/(-6)?
2
Let r = -123 - -355. Let z = r - 166. What is the units digit of z?
6
Let b = 3675 - 1492. What is the tens digit of b?
8
Let z(s) = 3*s**3 + 4*s**2 - 3*s + 2. What is the tens digit of z(2)?
3
Let r = 29 + -26. Suppose r*c + c - 132 = 0. What is the tens digit of c?
3
Let q = -2 - -7. Suppose 5*a - 5 = q*c - 0, 1 = -4*c + 3*a. What is the units digit of c/11 + 458/22?
1
Let g = 23 + -20. Let m(z) = -4*z. Let s be m(g). Let l = s + 41. What is the tens digit of l?
2
Suppose 3*v + 3 = -2*x, 24 = -4*x + 5*v + 73. Let k(b) = 2*b**2 + 6*b + 4. What is the tens digit of k(x)?
1
Suppose -3*u + 7*u - 16 = 0. Let j(i) = -4*i - 6. Let r(f) = -3*f - 6. Let s(y) = -5*j(y) + 6*r(y). What is the units digit of s(u)?
2
Let u be 1/(6/177)*-4. Let a = 199 + u. What is the units digit of a?
1
Let h(n) = -315*n - 241. What is the hundreds digit of h(-4)?
0
What is the hundreds digit of (-3126)/(-4)*(-6)/(-9)?
5
Let s = 2770 - 214. What is the units digit of s?
6
Let j be 14/4 + -1*6/4. Let h(v) = -v**3 + 5*v**2 - 4*v + 3. Let s be h(4). Suppose -j*g - s*y - 10 = 0, -2*g = -7*g + 3*y + 17. What is the units digit of g?
1
Suppose -5*z + 6*z - 24 = 0. Suppose -z*a + 25*a - 358 = 0. Suppose 0 = -3*b, 4*f + 5*b - a = -146. What is the units digit of f?
3
Suppose -4*o = 3*u - o - 39, -u - 5*o + 17 = 0. Suppose -3*f = -u, -l = 4*f + f - 48. What is the tens digit of l?
2
Suppose -3*x = 2*m - 264 + 78, 3*m - 309 = -5*x. What is the tens digit of (x/(-8))/((-3)/6)?
1
Let o be 0/1 + 81 + 0. Suppose -5*b + 201 = -2*w, 0*w = -w - 3. Suppose q = 5*l + o, q - 7 = -2*l + b. What is the units digit of q?
6
Suppose 4*r - 812 = 368. Let f = r + -129. What is the hundreds digit of f?
1
Suppose -2 = -4*h + 6. Suppose -4*c = -2*j + c + 41, 5*c = -h*j - 9. What is the units digit of j?
8
Let g(h) be the first derivative of -h**4/4 - 11*h**3/3 - 11*h**2/2 - 3*h - 3. Let w be g(-10). Suppose -7 = -d + w. What is the units digit of d?
4
Let q be -746*(33/6)/(-11). Let x = -244 + q. What is the hundreds digit of x?
1
Let k = -220 - -326. Let p be (16/(-4) - -81)*2. Let w = p - k. What is the tens digit of w?
4
Let q = -16 - -19. Let h(z) = q*z + z**2 - 1 + z**2 + 5*z**2 + 4 - z**3. What is the units digit of h(6)?
7
Suppose -5*q + 280 = -745. Suppose 4*d - 689 = -q. What is the tens digit of d?
2
Let m(y) = y**3 - 5*y**2 + 7*y. Let n be (-44)/(-7) - (-3 + (-46)/(-14)). What is the units digit of m(n)?
8
Let w(y) = y**2 + 2*y + 8. Let t be w(-10). Let p = -5 - -10. Suppose 32 = p*m - t. What is the units digit of m?
4
Suppose -5*w - 4*c = -435, 4*w + 2*c + 72 - 420 = 0. Let m = w + -42. What is the units digit of m?
5
Let h = 207 - -134. What is the tens digit of h?
4
Suppose -2*v - 7*v + 1332 = 0. Suppose -3*r + v = q - 6*r, 4*q - 542 = 2*r. What is the units digit of q?
3
Let p(l) be the second derivative of 6*l + 0 - 2/3*l**3 - 5*l**2. What is the units digit of p(-7)?
8
Let n(p) be the third derivative of p**5/60 + p**4/12 + p**3/2 + 21*p**2. Suppose -4*v + 2 = -5*s, 19 = 5*v - 0*v + 2*s. What is the units digit of n(v)?
8
Suppose -3*f + 16 = -17. Suppose -102 = 9*j - f*j. What is the units digit of j?
1
Let q = 64 - -248. Let g = q - 218. What is the tens digit of g?
9
Let m(l) = l**3 - 15*l**2 + 15*l - 7. Let h be m(14). Suppose -4*s - h*s = -2178. What is the units digit of s?
8
Suppose -1139 = -4*y + 2*y - 5*l, y = -4*l + 565. What is the tens digit of y?
7
Suppose 0 = -3*q - 5*f - 61, -q = -f - 0*f + 7. Let t = q + 33. Suppose 5 + t = g. What is the tens digit of g?
2
Let d = 719 + -282. What is the units digit of d?
7
Let r = 3093 - 1135. What is the hundreds digit of r?
9
Suppose 0 = 5*f + t + 2, -6*f = -5*f - t - 2. What is the units digit of 64 + (f + -3)*1?
1
Let f(k) be the second derivative of 4*k**3 + 3*k**2/2 - 12*k. Let y be f(2). Suppose -2*q = -0*g - g + 38, -2*g - q = -y. What is the tens digit of g?
2
Suppose -2*v - 5*r + 1 = -7, v - r - 18 = 0. Let y(x) = -4*x**3 + 5*x**3 + v - 2*x + 10*x**2 - x. What is the units digit of y(-10)?
4
Let w = -206 + 1237. Suppose -3*f + w - 161 = 0. What is the tens digit of (-5)/2*f/(-25)?
2
Let i be (16/(-36))/((-50)/(-18) - 3). Suppose -4*g - i*y = -7*y - 327, 3*y = -9. What is the units digit of g?
8
Suppose -10*p = -2*p - 16. Suppose -2*g - p*g = -156. What is the units digit of g?
9
Let w(o) = 2*o - 5. Let r be w(-7). Let h = 17 + r. What is the tens digit of h/9 - 227/(-9)?
2
Suppose 0 = -2*c + 4, 5*j + 3*c = 3397 - 381. What is the tens digit of j?
0
Suppose 5*w - 15 - 15 = 0. Let x(y) = -4 + 10*y - 7 + y**2 + 4*y - 2*y**2. What is the units digit of x(w)?
7
Let g(u) = u**2 + 5*u + 5. Let d(c) = -c**3 - 2*c**2 + 1. Let x be d(1). Let v be g(x). What is the units digit of (22/4)/(v/(-6))?
3
What is the hundreds digit of (7/(-21))/((-2)/5898)?
9
Suppose -2*u = s - 165 + 52, s - u - 101 = 0. Let b = -275 + 261. What is the units digit of (b/(-6))/(5/s)?
9
What is the thousands digit of 11/(-11*(-3)/9537)?
3
Let n(z) = 28*z - 184. What is the hundreds digit of n(41)?
9
Let v(c) = -165*c + 49. What is the tens digit of v(-4)?
0
Suppose -a + 2354 = -3*c, 4*c = a - 1307 - 1044. What is the units digit of a?
3
Let q(t) = 5*t - 25. Let j be q(6). Suppose 15 = 2*b - j*v - 28, -160 = -5*b - 5*v. What is the units digit of b?
9
What is the tens digit of (-28)/((-16)/80*(-10)/(-56))?
8
Suppose 165*a = 167*a - 5716. What is the units digit of a?
8
Suppose 0 = -b + c + 2128, 5*b - 7*b + 4264 = -4*c. What is the tens digit of b?
2
Let r = 27 - 11. Let v = r - 14. Suppose -5*j + 211 = 4*p, 6 = v*j - 0. What is the units digit of p?
9
Let s = 168 - -103. What is the hundreds digit of s?
2
Let t(d) = 93*d + 8. Let j be t(-6). What is the tens digit of j/5*2/(-4)?
5
Let f = -13 + 17. Suppose j + 58 = -f*c + 234, j + 211 = 5*c. What is the units digit of c?
3
Let r(p) = p**3 + 3*p**2 - 